{"id":386,"date":"2014-12-10T16:33:47","date_gmt":"2014-12-10T14:33:47","guid":{"rendered":"https:\/\/www.youronlinechoices.com\/nor\/?page_id=386"},"modified":"2025-10-22T21:49:17","modified_gmt":"2025-10-22T19:49:17","slug":"sikring-av-personvern","status":"publish","type":"page","link":"https:\/\/www.youronlinechoices.com\/nor\/sikring-av-personvern","title":{"rendered":"Sikring av personvern"},"content":{"rendered":"<p><strong><span>Ivaretakelse av personvernet<\/span><\/strong><\/p>\n<p><span>\u00a0<\/span><\/p>\n<p><span>Dette nettstedet st\u00f8ttes av den digitale reklamebransjen og administreres av European Interactive Digital Advertising Alliance (EDAA). Vi har forpliktet oss til \u00e5 respektere og beskytte personvernet til alle personer som vi samhandler med: i fortid, n\u00e5tid og fremtid. Som del av dette engasjementet \u00f8nsker vi \u00e5 gi deg tydelig informasjon og kontroll over personopplysningene vi har om deg, samt andre ikke-personlige opplysninger som vi kan samle inn og bruke n\u00e5r du bes\u00f8ker dette nettstedet.<\/span><\/p>\n<p><span>\u00a0<\/span><\/p>\n<p><strong><span>Nettstedet<\/span><\/strong><\/p>\n<p><span>\u00a0<\/span><\/p>\n<p><span>P\u00e5 dette nettstedet administrerer vi en viktig del av det alleuropeiske selvregulerende programmet for m\u00e5lrettet interessebasert markedsf\u00f8ring p\u00e5 nett (en praksis for \u00e5 tilby mer relevante annonser til internettbrukere basert p\u00e5 antatte interesser). Dette selvregulerende programmet gir internettbrukere som deg \u00f8kt grad av \u00e5penhet og kontroll over m\u00e5lrettet interessebasert markedsf\u00f8ring p\u00e5 nett.<\/span><\/p>\n<p><span>\u00a0<\/span><\/p>\n<p><span><a href=\"https:\/\/www.youronlinechoices.com\/uk\/protecting-your-privacy\/oba-icon\" rel=\"attachment wp-att-757\"><img loading=\"lazy\" class=\"alignnone  wp-image-757\" title=\"OBA-icon\" src=\"https:\/\/www.youronlinechoices.com\/uk\/wp-content\/uploads\/2010\/11\/OBA-icon-300x300.jpg\" alt=\"\" width=\"38\" height=\"38\" \/><\/a>\u00c5penheten sikres gjennom et universelt gjenkjennelig \u00abOBA-ikon\u00bb som finnes med tilh\u00f8rende tekst p\u00e5 alle offisielle EU-spr\u00e5k (du finner en fullstendig liste med tilh\u00f8rende tekst for hvert offisielt EU-spr\u00e5k <a href=\"https:\/\/edaa.eu\/wp-content\/uploads\/Att-3-technical_specifications_for_iab_eu_oba_fw_v1.pdf#page=15\">her),<\/a> som vises alle steder der selskaper samler inn og behandler data med m\u00e5lrettet interessebasert markedsf\u00f8ring p\u00e5 nett som form\u00e5l. N\u00e5r brukerne klikker p\u00e5 ikonet, f\u00e5r de presentert klar og forst\u00e5elig informasjon om m\u00e5lrettet interessebasert markedsf\u00f8ring p\u00e5 nett.<\/span><\/p>\n<p><span>\u00a0<\/span><\/p>\n<p><span>Ikonet vil ogs\u00e5 gi brukerne muligheten til \u00e5 foreta valg og ut\u00f8ve kontroll over den m\u00e5lrettede interessebaserte markedsf\u00f8ringen p\u00e5 nett gjennom verkt\u00f8y og ressurser \u2013 noe dette nettstedet er et eksempel p\u00e5. Dette nettstedet dekker landene i EU\/E\u00d8S-omr\u00e5det samt Sveits og Tyrkia, og har en brukervennlig funksjonalitet (tilgjengelig for alle brukere fra landene som er oppf\u00f8rt) som vil sl\u00e5 av den m\u00e5lrettede interessebaserte markedsf\u00f8ringen p\u00e5 nett for brukerne (fra deltakende selskaper) hvis de velger det. Noe av det som gj\u00f8r dette nettstedet spesielt, er at det har blitt bygget etter et bransjeengasjement og er st\u00f8ttet av EASA (European Advertising Standards Alliance) og dets nettverk av veletablerte og anerkjente selvregulatoriske nasjonale organisasjoner for reklamebransjen over hele Europa, som arbeider for \u00e5 sikre effektive klageh\u00e5ndteringssystemer, som er uavhengige og gratis for brukerne.<\/span><\/p>\n<p><span>\u00a0<\/span><\/p>\n<p><strong><span>Personopplysningene dine<\/span><\/strong><\/p>\n<p><span>\u00a0<\/span><\/p>\n<p><span>EDAAs behandling av personopplysningene dine, som beskrevet i denne kunngj\u00f8ringen, er basert p\u00e5 samtykke eller p\u00e5 kontraktsmessig n\u00f8dvendighet. N\u00e5r du gir oss tilbakemelding gjennom de m\u00e5tene som er tilgjengelige for deg p\u00e5 dette nettstedet, kan vi samle inn og behandle personopplysningene som du oppgir til oss, for eksempel navn, e-postadresse og telefonnummer. Denne informasjonen vil ikke bli brukt til noe annet form\u00e5l enn \u00e5 h\u00e5ndtere tilbakemeldingen din. I visse tilfeller kan det v\u00e6re at vi ikke er i stand til \u00e5 h\u00e5ndtere tilbakemeldingen din direkte, og dette kan kreve deling av slik informasjon med den relevante nasjonale selvregulatoriske organisasjonen for reklamebransjen med klagebehandling som form\u00e5l. Hvis dette er tilfellet, vil ikke EDAA dele noen personopplysninger uten f\u00f8rst \u00e5 forklare prosessen for deg p\u00e5 en klar m\u00e5te, og innhente uttrykkelig og informert forh\u00e5ndssamtykke fra deg om dette. Ingen andre personopplysninger vil bli gitt videre til andre tredjeparter. Personopplysningene vil bli slettet n\u00e5r saken er l\u00f8st p\u00e5 en m\u00e5te som er tilfredsstillende b\u00e5de for deg og EDAA.<\/span><\/p>\n<p><span>\u00a0<\/span><\/p>\n<p><strong><span>Datalagring<\/span><\/strong><\/p>\n<p><span>\u00a0<\/span><\/p>\n<p><span>EDAA vil beholde personopplysningene dine i samsvar med gjeldende lovkrav, og bare s\u00e5 lenge det er n\u00f8dvendig for de form\u00e5l som er beskrevet i denne kunngj\u00f8ringen, eller s\u00e5 lenge som loven krever, eller for \u00e5 forsvare eventuelle rettslige krav.<\/span><\/p>\n<p><span>\u00a0<\/span><\/p>\n<p><span>Personopplysninger innhentet gjennom foresp\u00f8rsler om informasjon og\/eller henvendelser og\/eller klager sendt direkte til EDAA, skal oppbevares i 1 \u00e5r (eller s\u00e5 lenge som loven krever for \u00e5 forsvare eventuelle rettslige krav), med mindre du trekker tilbake samtykket til behandling av personopplysningene dine tidligere.<\/span><\/p>\n<p><span>\u00a0<\/span><\/p>\n<p><strong><span>Dine rettigheter<\/span><\/strong><\/p>\n<p><span>\u00a0<\/span><\/p>\n<p><span>I henhold til personvernlovgivningen vil vi gj\u00f8re personopplysningene dine tilgjengelige for deg slik at du kan g\u00e5 gjennom dem etter en enkel foresp\u00f8rsel fra deg. Hvis du forteller oss at personopplysningene er feil eller brukes feilaktig, vil vi korrigere, oppdatere, begrense bruken av eller slette personopplysninger, alt etter hva som passer. Du finner informasjon om hvordan du f\u00e5r tilgang til personopplysninger i kontaktpunktene som er nevnt p\u00e5 slutten av denne personvernerkl\u00e6ringen. Du har rett til \u00e5 protestere mot bruken av personopplysningene dine n\u00e5r som helst, ved \u00e5 rette en enkel foresp\u00f8rsel til kontaktpunktene som er nevnt p\u00e5 slutten av denne personvernerkl\u00e6ringen. Du har rett til \u00e5 motta personopplysningene dine i et alminnelig anvendt elektronisk format og overf\u00f8re dem til en tredjepart (rett til \u00abdataportabilitet\u00bb). <\/span><\/p>\n<p><span>\u00a0<\/span><\/p>\n<p><span>EDAA er forpliktet til \u00e5 samarbeide med deg for \u00e5 f\u00e5 en rimelige l\u00f8sning p\u00e5 eventuelle klager eller bekymringer om personvern i forhold til aktivitetene som dekkes p\u00e5 dette nettstedet. Hvis du derimot mener at EDAA ikke har v\u00e6rt i stand til \u00e5 bist\u00e5 deg med klagen eller bekymringen, har du rett til \u00e5 klage til en tilsynsmyndighet i landet der du bor eller arbeider om en p\u00e5st\u00e5tt krenkelse av personvernlovgivningen (for Belgia se www.dataprotectionauthority.be, for andre land klikker du <a href=\"https:\/\/edpb.europa.eu\/about-edpb\/board\/members_en\">her).<\/a><\/span><\/p>\n<p><span>\u00a0<\/span><\/p>\n<p><strong><span>Utlevering til tredjepart\/overf\u00f8ring av personopplysninger til utlandet<\/span><\/strong><\/p>\n<p><span>\u00a0<\/span><\/p>\n<p><span>Gjennom dette nettstedet kan du ogs\u00e5 ha mulighet til \u00e5 sende informasjon og\/eller klager direkte til den relevante selvregulatoriske organisasjonen for reklamebransjen i hjemlandet ditt (se <a href=\"https:\/\/www.easa-alliance.org\/members\/europe\">her<\/a> for \u00e5 finne den relevante selvregulerende organisasjonen). Slik informasjon kan inneholde personopplysninger som deretter sendes direkte til denne organisasjonen med det form\u00e5l \u00e5 h\u00e5ndtere klagen\/informasjonen, slik du har bedt om.<\/span><\/p>\n<p><span>\u00a0<\/span><\/p>\n<p><span>Vi anbefaler deg \u00e5 g\u00e5 gjennom personvernerkl\u00e6ringen til disse selvregulerende organisasjonene hvis du velger \u00e5 bruke denne funksjonaliteten. Du vil uansett f\u00e5 n\u00f8yaktig informasjon om hvilken enhet dataene dine ville bli sendt til n\u00e5r du bruker dette valgfrie nettskjemaet (f.eks. i Tyskland: <a href=\"https:\/\/www.youronlinechoices.com\/de\/beschwerde\/\">https:\/\/www.youronlinechoices.com\/de\/beschwerde\/<\/a>; f.eks. i Storbritannia: <a href=\"https:\/\/www.youronlinechoices.com\/uk\/make-a-complaint\">https:\/\/www.youronlinechoices.com\/uk\/make-a-complaint<\/a>)<\/span><\/p>\n<p><span>\u00a0<\/span><\/p>\n<p><span>EDAA avsl\u00f8rer eller deler ikke personopplysninger om deg som er samlet inn p\u00e5 dette nettstedet med andre enheter (med unntak for noen spesielle tilfeller og bare med ditt eksplisitte forh\u00e5ndssamtykke), uten at dette p\u00e5virker noen lovfestet plikt til \u00e5 gj\u00f8re dette i henhold til loven, tjenestebefalinger eller rettskjennelser.<\/span><\/p>\n<p><span>\u00a0<\/span><\/p>\n<p><strong><span>Informasjonskapsler<\/span><\/strong><\/p>\n<p><span>\u00a0<\/span><\/p>\n<p><span>Informasjonskapsler er sm\u00e5 pakker med informasjon som lagres av nettleseren din. De plasseres i nettleseren av nettstedene som du bes\u00f8ker. Hvis du \u00f8nsker \u00e5 sikre at det ikke blir brukt informasjonskapsler, kan du se nedenfor eller lese v\u00e5re <a href=\"https:\/\/www.youronlinechoices.com\/uk\/five-top-tips\">Topp fem tips<\/a> for \u00e5 f\u00e5 mer informasjon om hvordan du administrerer eller deaktiverer disse i personverninnstillingene til nettleseren din. V\u00e6r oppmerksom p\u00e5 at n\u00e5r du deaktiverer informasjonskapsler for dette form\u00e5let, vil ikke kontrollverkt\u00f8yet lenger fungere effektivt, og det kan ha en negativ effekt p\u00e5 den generelle leseopplevelsen.<\/span><\/p>\n<p><span>\u00a0<\/span><\/p>\n<p><span>Mange av selskapene som st\u00e5r oppf\u00f8rt p\u00e5 siden \u2019Dine annonsevalg&#8217;, bruker informasjonskapsler for \u00e5 sjekke din n\u00e5v\u00e6rende status for m\u00e5lrettet interessebasert markedsf\u00f8ring p\u00e5 nett (dvs. enten \u2019akseptert\u2019 eller &#8216;sl\u00e5tt av&#8217;, avhengig av hva du har valgt), samt for \u00e5 utf\u00f8re valget du \u00f8nsker \u00e5 ut\u00f8ve. Disse informasjonskapslene er avgj\u00f8rende for funksjonaliteten til kontrollsiden samt for \u00e5 identifisere feil i m\u00e5ten siden fungerer p\u00e5.<\/span><\/p>\n<p><span>\u00a0<\/span><\/p>\n<p><span>Vi bruker ogs\u00e5 informasjonskapsler p\u00e5 dette nettstedet for \u00e5 opprettholde funksjonaliteten til nettstedet og generelt for at vi l\u00f8pende skal kunne forbedre tjenestene vi tilbyr deg gjennom dette nettstedet. Det blir ikke lagret noen personopplysninger i denne prosessen og den innsamlede informasjonen brukes bare i aggregert form. Hvis du \u00f8nsker \u00e5 sl\u00e5 av denne funksjonen, kan du bruke funksjonaliteten nedenfor. <\/span><\/p>\n<p><span>\u00a0<\/span><\/p>\n<p><span>Nedenfor finner du en detaljert beskrivelse av informasjonskapslene som brukes p\u00e5 dette nettstedet.<\/span><\/p>\n<p><span>\u00a0<\/span><\/p>\n<p><strong><span>Hvilke \u00abinformasjonskapsler\u00bb brukes p\u00e5 dette nettstedet?<\/span><\/strong><\/p>\n<p><strong><span>\u00a0<\/span><\/strong><\/p>\n<table>\n<tbody>\n<tr>\n<td><strong>Informasjonskapsel<\/strong><\/td>\n<td><strong>Form\u00e5let med informasjonskapselen<\/strong><\/td>\n<td><strong>Egenskaper ved informasjonskapselen<\/strong><\/td>\n<td><strong>Typen informasjonskapsel<\/strong><\/td>\n<\/tr>\n<tr>\n<td><span>Web Analytics<\/span><\/td>\n<td><span>EDAA, basert p\u00e5 Matomo p\u00e5 eget nettsted: sporer antall bes\u00f8k samt tidspunktet for det f\u00f8rste, det forrige og det n\u00e5v\u00e6rende bes\u00f8ket for hver bruker.<\/span><\/td>\n<td><span>First Party<\/span><\/td>\n<td><span>1 \u00e5r<\/span><\/td>\n<\/tr>\n<tr>\n<td><span>Informasjonskapsel som overv\u00e5ker p\u00e5liteligheten for selskapenes integrering <\/span><\/td>\n<td><span>Brukes til \u00e5 overv\u00e5ke p\u00e5liteligheten for selskapenes integrasjonspunkter med nettstedet.<\/span><\/td>\n<td><span>First party<\/span><\/td>\n<td><span>1 m\u00e5ned<\/span><\/td>\n<\/tr>\n<tr>\n<td><span>Informasjonskapsel for banner<\/span><\/td>\n<td><span>Brukes til \u00e5 huske om en bes\u00f8kende p\u00e5 nettstedet har avvist banneret for samtykke for bruk av informasjonskapsler som vises \u00f8verst p\u00e5 nettsidene.<\/span><\/td>\n<td><span>First party<\/span><\/td>\n<td><span>24 timer<\/span><\/td>\n<\/tr>\n<\/tbody>\n<\/table>\n<p>&nbsp;<\/p>\n<p><strong><span>Definisjoner:<\/span><\/strong><\/p>\n<p><span>\u00a0<\/span><\/p>\n<ul>\n<li><span>\u00abFirst Party\u00bb informasjonskapsel \u2013 En informasjonskapsel er lagt inn av dette nettstedet<\/span><\/li>\n<li><span>\u00abThird Party\u00bb informasjonskapsel \u2013 En informasjonskapsel er lagt inn av et annet domene (ikke dette nettstedet)<\/span><\/li>\n<li><span>\u00abPermanent\u00bb informasjonskapsel \u2013 Informasjonen i informasjonskapselen er lagret permanent p\u00e5 enheten din<\/span><\/li>\n<\/ul>\n<p><span>\u00a0<\/span><\/p>\n<p><span>Vi s\u00f8ker ikke \u00e5 samle inn personopplysningene dine, og n\u00e5r vi gj\u00f8r det, bestreber vi oss p\u00e5 \u00e5 anonymisere personopplysningene dine s\u00e5 snart som praktisk mulig.<\/span><\/p>\n<p><span>\u00a0<\/span><\/p>\n<p><strong><span>\u00a0Hvordan kan jeg administrere bruken av informasjonskapsler p\u00e5 dette nettstedet?<\/span><\/strong><\/p>\n<p><span>\u00a0<\/span><\/p>\n<p><span>Alle nettleserteknologier gj\u00f8r det mulig \u00e5 administrere informasjonskapsler i mappen for informasjonskapsler i nettleseren. Det betyr at du kan velge mellom \u00e5 slette informasjonskapsler fra denne mappen n\u00e5r du er ferdig med bes\u00f8ket p\u00e5 nettstedet v\u00e5rt, eller \u00e5 stille inn preferansene dine for bruk av informasjonskapsler f\u00f8r du begynner \u00e5 bruke nettstedet. Du m\u00e5 v\u00e6re klar over at sletting eller avvising av informasjonskapsler, som nevnt ovenfor, kan gi deg en d\u00e5rligere brukeropplevelse p\u00e5 nettstedet.<\/span><\/p>\n<p><span>\u00a0<\/span><\/p>\n<p><span>Du finner mer informasjon p\u00e5:<\/span><\/p>\n<ul>\n<li><span><a href=\"https:\/\/www.google.com\/intl\/en\/chrome\/privacy\/\">Google<\/a><\/span><\/li>\n<li><span><a href=\"https:\/\/support.mozilla.org\/en-US\/kb\/cookies-information-websites-store-on-your-computer?redirectlocale=en-US&amp;redirectslug=Cookies#w_cookie-settings\">Firefox<\/a><\/span><\/li>\n<li><span><a href=\"https:\/\/support.microsoft.com\/en-us\/help\/17442\/windows-internet-explorer-delete-manage-cookies\">Windows<\/a><\/span><\/li>\n<li><span><a href=\"https:\/\/www.apple.com\/safari\/#security\">Safari<\/a><\/span><\/li>\n<\/ul>\n<p><span>\u00a0<\/span><\/p>\n<div id=\"matomo-opt-out\"><\/div>\n<p><script src=\"https:\/\/analytics.youronlinechoices.com\/index.php?module=CoreAdminHome&#038;action=optOutJS&#038;divId=matomo-opt-out&#038;language=nor&#038;showIntro=1\"><\/script><\/p>\n<p><strong><span>Kontakt oss<\/span><\/strong><\/p>\n<p><span>\u00a0<\/span><\/p>\n<p><span>Hvis du har flere sp\u00f8rsm\u00e5l om hvordan vi behandler personopplysningene dine, eller hvis du \u00f8nsker \u00e5 ut\u00f8ve noen av rettighetene som denne erkl\u00e6ringen gir deg, vennligst kontakt:<\/span><\/p>\n<p><span>\u00a0<\/span><\/p>\n<p><span>EDAA | Rue des Deux Eglises 26 | 1000 | Brussels | Belgia<\/span><\/p>\n<p><span>privacy [at] edaa.eu<\/span><\/p>\n<p><span>\u00a0<\/span><\/p>\n","protected":false},"excerpt":{"rendered":"<p>Ivaretakelse av personvernet \u00a0 Dette nettstedet st\u00f8ttes av den digitale reklamebransjen og administreres av European Interactive Digital Advertising Alliance (EDAA). Vi har forpliktet oss til \u00e5 respektere og beskytte personvernet til alle personer som vi samhandler med: i fortid, n\u00e5tid og fremtid. Som del av dette engasjementet \u00f8nsker vi \u00e5 gi deg tydelig informasjon og [&hellip;]<\/p>\n","protected":false},"author":2,"featured_media":0,"parent":0,"menu_order":0,"comment_status":"closed","ping_status":"open","template":"","meta":[],"_links":{"self":[{"href":"https:\/\/www.youronlinechoices.com\/nor\/wp-json\/wp\/v2\/pages\/386"}],"collection":[{"href":"https:\/\/www.youronlinechoices.com\/nor\/wp-json\/wp\/v2\/pages"}],"about":[{"href":"https:\/\/www.youronlinechoices.com\/nor\/wp-json\/wp\/v2\/types\/page"}],"author":[{"embeddable":true,"href":"https:\/\/www.youronlinechoices.com\/nor\/wp-json\/wp\/v2\/users\/2"}],"replies":[{"embeddable":true,"href":"https:\/\/www.youronlinechoices.com\/nor\/wp-json\/wp\/v2\/comments?post=386"}],"version-history":[{"count":6,"href":"https:\/\/www.youronlinechoices.com\/nor\/wp-json\/wp\/v2\/pages\/386\/revisions"}],"predecessor-version":[{"id":465,"href":"https:\/\/www.youronlinechoices.com\/nor\/wp-json\/wp\/v2\/pages\/386\/revisions\/465"}],"wp:attachment":[{"href":"https:\/\/www.youronlinechoices.com\/nor\/wp-json\/wp\/v2\/media?parent=386"}],"curies":[{"name":"wp","href":"https:\/\/api.w.org\/{rel}","templated":true}]}}